{"id":4,"date":"2013-08-28T19:42:08","date_gmt":"2013-08-28T19:42:08","guid":{"rendered":"http:\/\/www.hiro.cz\/?page_id=4"},"modified":"2016-12-31T16:19:08","modified_gmt":"2016-12-31T16:19:08","slug":"co-nabizime","status":"publish","type":"page","link":"https:\/\/www.hiro.cz\/?page_id=4","title":{"rendered":"Co nab\u00edz\u00edme"},"content":{"rendered":"<h2>Digit\u00e1ln\u00ed marketingov\u00e9 kampan\u011b<\/h2>\n<ul>\n<li>Pl\u00e1nov\u00e1n\u00edm a <a href=\"http:\/\/www.hiro.cz\/?page_id=109\">n\u00e1kupem medi\u00ed<\/a>\u00a0&#8211; individu\u00e1ln\u00ed \u0159e\u0161en\u00ed pro ka\u017edou kampa\u0148.<\/li>\n<li>V\u00edce ne\u017e 8 let zku\u0161enost\u00ed s n\u00e1vrhem a produkc\u00ed digit\u00e1ln\u00edch marketingov\u00fdch kampan\u00ed.<\/li>\n<li>Anal\u00fdzy a vyhodnocen\u00ed &#8211; pr\u00e1ce s n\u00e1stroji jako Google Analytics, Adobe Analytics, \u00a0Mention, Collabim a dal\u0161\u00ed.<\/li>\n<li>Pou\u017eitelnost, optimalizace kampan\u00ed, optimalizace v\u00fdsledk\u016f ve vyhled\u00e1va\u010d\u00edch (SEO).<\/li>\n<\/ul>\n<h2>\u0158e\u0161en\u00ed pro spr\u00e1vu a v\u00fdvoj internetov\u00fdch aplikac\u00ed<\/h2>\n<ul>\n<li>Konzultace v\u00fdb\u011brov\u00fdch \u0159\u00edzen\u00ed.<\/li>\n<li>N\u00e1vrh technologi\u00ed v\u010detn\u011b cloudov\u00fdch \u0159e\u0161en\u00ed.<\/li>\n<li>Hosting, spr\u00e1va a registrace dom\u00e9n.<\/li>\n<li>Antivirov\u00e1 \u0159e\u0161en\u00ed <a href=\"http:\/\/www.hiro.cz\/?page_id=18\">ESET<\/a>.<\/li>\n<\/ul>\n<h3>Dupl\u00edk.cz<\/h3>\n<p>Jsme provozovatel\u00e9 eshopu <a href=\"http:\/\/www.duplik.cz\">www.duplik.cz<\/a>.<\/p>\n<h2><\/h2>\n<p>&nbsp;<\/p>\n","protected":false},"excerpt":{"rendered":"<p>Digit\u00e1ln\u00ed marketingov\u00e9 kampan\u011b Pl\u00e1nov\u00e1n\u00edm a n\u00e1kupem medi\u00ed\u00a0&#8211; individu\u00e1ln\u00ed \u0159e\u0161en\u00ed pro ka\u017edou kampa\u0148. V\u00edce ne\u017e 8 let zku\u0161enost\u00ed s n\u00e1vrhem a produkc\u00ed digit\u00e1ln\u00edch marketingov\u00fdch kampan\u00ed. Anal\u00fdzy a vyhodnocen\u00ed &#8211; pr\u00e1ce s n\u00e1stroji jako Google Analytics, Adobe Analytics, \u00a0Mention, Collabim a dal\u0161\u00ed. Pou\u017eitelnost, optimalizace kampan\u00ed, optimalizace v\u00fdsledk\u016f ve vyhled\u00e1va\u010d\u00edch (SEO). \u0158e\u0161en\u00ed pro spr\u00e1vu a v\u00fdvoj internetov\u00fdch aplikac\u00ed &hellip; <a href=\"https:\/\/www.hiro.cz\/?page_id=4\" class=\"more-link\">Continue reading <span class=\"screen-reader-text\">Co nab\u00edz\u00edme<\/span> <span class=\"meta-nav\">&rarr;<\/span><\/a><\/p>\n","protected":false},"author":1,"featured_media":0,"parent":0,"menu_order":0,"comment_status":"closed","ping_status":"closed","template":"","meta":[],"_links":{"self":[{"href":"https:\/\/www.hiro.cz\/index.php?rest_route=\/wp\/v2\/pages\/4"}],"collection":[{"href":"https:\/\/www.hiro.cz\/index.php?rest_route=\/wp\/v2\/pages"}],"about":[{"href":"https:\/\/www.hiro.cz\/index.php?rest_route=\/wp\/v2\/types\/page"}],"author":[{"embeddable":true,"href":"https:\/\/www.hiro.cz\/index.php?rest_route=\/wp\/v2\/users\/1"}],"replies":[{"embeddable":true,"href":"https:\/\/www.hiro.cz\/index.php?rest_route=%2Fwp%2Fv2%2Fcomments&post=4"}],"version-history":[{"count":10,"href":"https:\/\/www.hiro.cz\/index.php?rest_route=\/wp\/v2\/pages\/4\/revisions"}],"predecessor-version":[{"id":125,"href":"https:\/\/www.hiro.cz\/index.php?rest_route=\/wp\/v2\/pages\/4\/revisions\/125"}],"wp:attachment":[{"href":"https:\/\/www.hiro.cz\/index.php?rest_route=%2Fwp%2Fv2%2Fmedia&parent=4"}],"curies":[{"name":"wp","href":"https:\/\/api.w.org\/{rel}","templated":true}]}}